9?
27
Let r(w) = -65*w**2 - 586*w + 4. Let o be r(-9). What is the greatest common factor of 1144 and o?
13
Suppose 0 = -118*x + 11096 + 382080. Calculate the greatest common factor of x and 49.
49
Let s = -57 + 64. Suppose -3*p + 2*d + 71 = 0, 0 = p - d - 3*d - s. Suppose -p = -r + 9. Calculate the greatest common divisor of r and 144.
36
Suppose -8*f = -5*f. Suppose 5*p - p = f. Suppose -8*v + 4*v + 608 = p. Calculate the greatest common divisor of 38 and v.
38
Let l be (1 + 10)*(9 + -4). Suppose -9*b = -1065 + 4170. Let f = b + 350. Calculate the highest common divisor of f and l.
5
Suppose -c + 2*c - 55 = -5*m, -140 = -5*c + 2*m. Calculate the greatest common divisor of 14 and c.
2
Let q(l) = 21*l + 207. Let r be q(21). Let m = -635 + r. What is the greatest common divisor of 65 and m?
13
Suppose -187*b + 214032 = -39*b + 20*b. Calculate the greatest common factor of b and 910.
182
Let v(a) = a**3 + 3*a**2 + 17*a - 39. Let l be v(2). Let b(p) = 25*p - 15. Let x be b(6). Calculate the highest common divisor of x and l.
15
Let y be (-11)/((-15)/3570*7). Let k be 3*1/3 - -3. Suppose 0 = k*h - 3*x - 139, -3*x = -2*h + 3*h - 31. What is the highest common factor of h and y?
34
Let f(h) = -1290*h - 1242. Let g be f(-1). Calculate the greatest common divisor of g and 41760.
48
Let a(t) = -t**2 - 5*t + 52. Let p(h) = h**2 + 5*h - 51. Let n(d) = -6*a(d) - 5*p(d). Let o be n(7). Calculate the greatest common divisor of 36 and o.
9
Let y(v) = v**3 - 28*v**2 + 28*v - 21. Let a(j) = 26*j**3 + 4*j**2 - 6*j + 3. Let c be a(1). Let f be y(c). What is the highest common factor of 42 and f?
6
Suppose 1433 = 46*g - 2983. Calculate the greatest common factor of g and 4836.
12
Let s(l) = 0 + 6*l**2 - 16*l + 12*l + 3. Let i be s(2). Let j = -181 + 276. What is the highest common divisor of j and i?
19
Let q be (-60)/2*(7 + 175/(-21)). Let z(p) = -p**2 - 2*p + 7. Let v be 16/(-6) + 3/(-9). Let t be z(v). What is the greatest common divisor of t and q?
4
Let b(d) = 204*d + 2200. Let c be b(-10). Calculate the greatest common divisor of 1184 and c.
32
Let c(d) = d**2 - d + 48. Let k be c(0). Let f be 25012/182 + 8/14. Suppose -41*w = -108 - f. What is the highest common factor of k and w?
6
Suppose 39*l + 4*d = 41*l - 4638, -l - d + 2337 = 0. What is the highest common factor of l and 189?
63
Let p = 145396 + -145102. Let j be 64 + (-2)/2 + 0. Calculate the greatest common factor of j and p.
21
Let l be ((-13)/2 - (-228)/152) + 37. Calculate the highest common divisor of l and 12.
4
Suppose 2*g = 6, -81 = 2*s + 3*g - 272. Let o be (17 - -17)*4/4. Suppose 2*k - 16 = 2*n - 4*n, 3*k + n - o = 0. Calculate the greatest common factor of k and s.
13
Let r = 9 - 6. Let l(b) = -b**2 + 9*b - 5. Let n be l(7). Suppose n*o - 42 = 2*o. What is the highest common divisor of r and o?
3
Suppose -m = -t - 138, 5*m + 2 = 4*m. Let l be 200/t*7/(-2). Suppose 5*x + 3*p - 160 = l*p, 2*p = -4*x + 128. Calculate the highest common factor of 24 and x.
8
Suppose 4*x - p - 20 - 56 = 0, -2*p = 5*x - 108. Let t be (11 - 1)*((-4)/(-4))/1. Calculate the greatest common divisor of x and t.
10
Suppose -138*c + 2230 - 1302 = -6248. Let i be 0 + -2 - (-418)/1. Calculate the highest common divisor of i and c.
52
Let c be 332/(216/(-1620) - (-86)/570). What is the highest common factor of 166 and c?
166
Let w be 4 + 2 + (-6 - -2). Suppose 10 = w*m - 4. Let a be 28/(2*(-4)/(-8)). What is the highest common divisor of m and a?
7
Suppose 2844*v - 2837*v + 189 = 0. Let w be (-32630)/(-45) + -2 + (-51)/v. What is the greatest common divisor of w and 29?
29
Let k(r) = 5*r**2 + 42*r - 24. Let q be k(-9). Suppose f + 176 = 6*f + 4*d, 111 = q*f - 3*d. Calculate the highest common factor of 153 and f.
9
Suppose -135*f + 40114 = -59*f - 62334. What is the greatest common factor of f and 4?
4
Let f be (-4)/16*12/(-3) + -28. Let n be 1 + 0 - f - 5. Calculate the highest common factor of n and 621.
23
Let z = -4 + 6. Suppose 3*y - 15*o = -17*o + 274, -5*o + 349 = 4*y. Calculate the highest common divisor of y and z.
2
Let x(o) = o**3 - 11*o**2 + 14*o - 27. Let f be x(10). Suppose -f*j = 102 - 414. Suppose h - 4*h + 36 = 0. Calculate the greatest common divisor of h and j.
12
Suppose -5*d = 0, -d + 55 = 5*b + 2*d. Suppose 16*n = -7*n. Suppose n = -3*u + b + 13. Calculate the highest common divisor of u and 152.
8
Suppose -2*c - 16 = 0, -464*c + 466*c = -4*s + 16. What is the greatest common divisor of s and 276?
4
Let u = -19484 - -21455. What is the greatest common divisor of u and 1241?
73
Suppose -60 - 77 = -83*f + 361. Let v(s) = -s**2 - 9*s - 3. Let r be v(-6). Let t = r - 3. What is the greatest common factor of t and f?
6
Let f = 206597 + -206592. Let b = 11 + -31. Let w be (1 - (-6)/(-4))*b. Calculate the highest common divisor of f and w.
5
Let w(s) = -84*s + 15410. Let b be w(183). Let r(v) = v**2 - 5*v - 4. Let o be r(6). Calculate the highest common factor of b and o.
2
Let h be (77/84*-9)/(1/(-32)). Let a be ((-771)/12 - 10)/((-3)/8). What is the highest common factor of h and a?
66
Let j be (-35)/(-5) + 100 + 2. Let u = -97 + j. Let o = 6 + -2. Calculate the highest common divisor of o and u.
4
Let f(u) = 10*u**2 + 48*u - 16. Let k be f(-6). Calculate the highest common divisor of k and 896.
56
Let a(k) = -k**2 - 21*k + 38. Let j be a(2). Let u be (-78)/(-4) + 2/j*-2. Calculate the greatest common factor of 640 and u.
20
Let l be (-30)/(-12) + (18/4)/3. Suppose l*c = -c + 50. Suppose 0 = 4*o + 2*t - 626, 3*o - 472 = 6*t - c*t. What is the greatest common factor of 39 and o?
39
Let g = 5 + 25. Let h be (4 - (15 - -3))*(-2)/4. Suppose 32*p - h*p - 1875 = 0. Calculate the highest common divisor of g and p.
15
Let p(z) = 73*z**2 + 327*z + 1328. Let u be p(-4). Calculate the greatest common divisor of 243 and u.
27
Let z = 224 - -191. Calculate the greatest common factor of z and 1.
1
Suppose 269*j - 302*j = -594. Let s(z) = 71*z + 2. Let m be s(2). What is the highest common divisor of m and j?
18
Suppose 0 = 10*z - 5270 - 8250. Calculate the greatest common factor of 416 and z.
104
Let n = -565 + 575. Suppose 0 = -n*y - 13*y + 759. What is the greatest common factor of y and 3?
3
Let q be -3 - 15/6*-6. Let o(l) = l**2 + 204*l - 2008. Let a be o(10). Calculate the highest common divisor of a and q.
12
Suppose -10*u + 584 = -260 - 436. Calculate the greatest common factor of u and 9664.
64
Suppose -1641*l - 707 - 910 = -1662*l. Suppose n - 14 = 8. Calculate the greatest common factor of n and l.
11
Let n = 141 - 85. Let k be 41 + -40 - (0/(-2) - -38). Let f = 44 + k. What is the highest common factor of f and n?
7
Suppose -3*o - 4*n - 2 = -9, 4*n = -8. Suppose 0 = o*q - 3*j - 195, -5*q + 111 = -2*q - 3*j. What is the greatest common factor of 84 and q?
42
Let u(f) = -2*f**2 - 16*f - 83. Let y be u(-7). Let h be 41/3 - 23/y. Let p = -63 - -161. Calculate the greatest common factor of h and p.
14
Let z be 1 + -3 + (7 - (-108 - 9/(-1))). Let s be 6/(-2)*-1 + 5. Calculate the highest common divisor of s and z.
8
Suppose -3*i - 1902 = -4*j - i, 4*i = 4. Suppose 0 = 5*f + 4*b - 595, -5*f = -4*b - j - 79. What is the highest common divisor of f and 46?
23
Suppose -2*y - 8674 = -158*l + 156*l, 5*l = -5*y + 21735. Calculate the highest common factor of l and 26.
26
Suppose -29 + 1 = 2*x - a, 4*x - a = -60. Let z = x + 18. Suppose o = -z*p + 130, -p + 83 = 4*o + o. Calculate the greatest common factor of 9 and p.
9
Let l = 3899 - 3858. What is the highest common divisor of l and 11603?
41
Let g(i) be the third derivative of -i**6/120 - i**5/5 + i**4/2 + 7*i**3/6 + 3*i**2 - 19. Let t be g(-13). What is the greatest common divisor of t and 5?
5
Let y(t) be the first derivative of 3*t**2/2 + 99*t + 142. Let w be y(9). Calculate the highest common factor of w and 14.
14
Let f = -1691 + 4853. Calculate the greatest common factor of f and 279.
93
Suppose g = -5*g + 30. Let m be -11 + (g - -1) + 51. What is the greatest common factor of 23 and m?
23
Suppose 296 - 496 = -3*q + 5*j, -3*q + 3*j = -204. What is the greatest common factor of 730 and q?
10
Let q = -100 - -68. Let s = q - -37. Let a be (-165)/22*(-6)/s. What is the greatest common divisor of 9 and a?
9
Suppose -13*f = 15*f - 252. Let l be (6 - 1 - f)*11/(-4